162.
83
Calculate the greatest common divisor of 176436 and 2668.
116
Calculate the highest common divisor of 10860210 and 90.
90
What is the greatest common factor of 1365 and 1456?
91
Calculate the highest common factor of 2944 and 12544.
128
What is the greatest common factor of 135 and 138240?
135
What is the greatest common factor of 84 and 948?
12
What is the greatest common factor of 79164 and 72?
36
What is the greatest common factor of 2752 and 12224?
64
What is the greatest common factor of 41742 and 216?
54
What is the greatest common divisor of 30327 and 55?
11
What is the greatest common factor of 658 and 321433?
329
Calculate the highest common factor of 33020 and 7124.
52
Calculate the highest common factor of 1178 and 5270.
62
What is the highest common divisor of 176409 and 408?
51
Calculate the greatest common factor of 542545 and 95.
95
Calculate the greatest common divisor of 291 and 351.
3
Calculate the greatest common factor of 15509476 and 113.
113
What is the greatest common factor of 2300 and 2208?
92
Calculate the highest common factor of 2928 and 10800.
48
What is the highest common factor of 3270 and 20730?
30
What is the highest common factor of 80 and 343440?
80
What is the highest common divisor of 35 and 1210?
5
Calculate the greatest common factor of 65 and 33010.
5
Calculate the highest common divisor of 321860 and 1936.
484
Calculate the greatest common factor of 140383 and 79.
79
What is the highest common factor of 30706 and 26?
26
What is the highest common factor of 117823 and 118?
59
Calculate the highest common divisor of 456 and 87096.
456
What is the greatest common divisor of 1140 and 29184?
228
What is the highest common divisor of 2760 and 460?
460
Calculate the highest common factor of 60065 and 123.
41
Calculate the greatest common divisor of 759 and 2871.
33
Calculate the greatest common factor of 976 and 54473.
61
Calculate the greatest common divisor of 384850 and 86.
86
Calculate the greatest common divisor of 42948 and 162.
18
What is the greatest common factor of 24 and 251176?
8
Calculate the greatest common divisor of 1667097 and 27.
9
Calculate the highest common factor of 632 and 1229240.
632
Calculate the greatest common divisor of 98162 and 2.
2
Calculate the greatest common factor of 731822 and 13.
13
What is the greatest common divisor of 1394 and 70069?
41
What is the highest common factor of 2325 and 70600?
25
Calculate the greatest common divisor of 23225 and 100.
25
What is the highest common factor of 15 and 3652680?
15
What is the highest common factor of 698625 and 81?
81
What is the greatest common divisor of 22939 and 1827?
203
What is the greatest common factor of 4551399 and 18?
9
What is the greatest common factor of 122 and 277?
1
What is the greatest common factor of 8575 and 2401?
343
Calculate the greatest common divisor of 17888 and 40352.
416
Calculate the highest common factor of 870 and 339.
3
What is the highest common factor of 462 and 843?
3
What is the greatest common factor of 11583 and 87318?
891
Calculate the highest common factor of 30495 and 90.
15
What is the highest common divisor of 44760 and 165?
15
Calculate the greatest common factor of 453 and 326311.
151
What is the highest common divisor of 20548 and 88?
44
Calculate the highest common divisor of 11986 and 26.
26
What is the highest common divisor of 416 and 3692?
52
Calculate the highest common divisor of 5120 and 1095.
5
What is the greatest common factor of 23400 and 208?
104
Calculate the highest common divisor of 188538 and 21.
21
Calculate the highest common factor of 408 and 27552.
24
What is the highest common factor of 4 and 55216?
4
Calculate the highest common divisor of 116289 and 18.
9
What is the greatest common divisor of 30 and 56565?
15
What is the greatest common divisor of 104596 and 30452?
1324
Calculate the highest common divisor of 182 and 731822.
182
Calculate the highest common divisor of 25488 and 55296.
432
What is the greatest common factor of 732 and 79284?
12
What is the greatest common factor of 8415 and 2219877?
1683
What is the greatest common factor of 10850 and 134230?
310
Calculate the greatest common divisor of 5 and 119785.
5
Calculate the greatest common divisor of 188 and 24205.
47
Calculate the greatest common divisor of 3175 and 1550.
25
What is the greatest common factor of 2981 and 2168?
271
What is the highest common factor of 299265 and 1704?
213
What is the highest common factor of 2461143 and 87?
87
What is the greatest common factor of 69500 and 3?
1
Calculate the greatest common divisor of 115555 and 33.
11
Calculate the greatest common factor of 1656 and 2160.
72
What is the highest common divisor of 55909 and 18179?
343
What is the greatest common factor of 278984 and 215?
43
What is the greatest common divisor of 384369 and 93?
93
What is the highest common divisor of 136 and 483395?
17
Calculate the greatest common divisor of 40261 and 326.
163
What is the highest common factor of 52243 and 623?
89
Calculate the greatest common divisor of 7623 and 14.
7
Calculate the highest common divisor of 2451 and 1007.
19
Calculate the greatest common factor of 743274 and 14.
14
What is the highest common divisor of 191079 and 672?
21
Calculate the highest common divisor of 47616 and 434.
62
Calculate the highest common factor of 30 and 148566.
6
What is the greatest common divisor of 63 and 4018?
7
Calculate the greatest common divisor of 6 and 32614.
2
What is the greatest common factor of 4743 and 14331?
51
Calculate the greatest common factor of 20806 and 412.
206
Calculate the greatest common factor of 82 and 536854.
82
What is the highest common factor of 11774 and 1862?
14
What is the greatest common divisor of 981276 and 12?
12
Calculate the highest common factor of 117550 and 450.
50
Calculate the highest common divisor of 320 and 197312.
64
Calculate the highest common divisor of 63332 and 1115.
223
Calculate the greatest common factor of 354 and 109268.
118
Calculate the greatest common factor of 20 and 1145490.
10
Calculate the highest common factor of 1050 and 70000.
350
What is the highest common factor of 228 and 767562?
114
Calculate the highest common factor of 8128 and 1800.
8
What is the greatest common divisor of 2400 and 8916?
12
What is the greatest common divisor of 63248 and 134?
134
What is the highest common divisor of 169214 and 8174?
122
What is the greatest common factor of 94 and 1160?
2
Calculate the greatest common factor of 1992204 and 36.
36
What is the highest common divisor of 120 and 17300?
20
What is the greatest common divisor of 2232 and 408?
24
What is the greatest common divisor of 264 and 82038?
66
What is the greatest common factor of 3021878 and 2202?
734
Calculate the highest common divisor of 8 and 730856.
8
Calculate the greatest common factor of 85 and 2877318.
17
What is the greatest common factor of 42763 and 32144?
287
What is the highest common divisor of 304 and 131993?
19
What is the greatest common factor of 2578 and 34?
2
What is the greatest common factor of 3740 and 1547612?
748
Calculate the highest common divisor of 97310 and 11840.
370
Calculate the greatest common factor of 528 and 6380.
44
What is the highest common divisor of 11856 and 49647?
741
What is the greatest common divisor of 4181 and 4068?
113
What is the greatest common divisor of 2028 and 966004?
676
Calculate the highest common factor of 210630 and 952.
238
What is the greatest common factor of 172000 and 280?
40
What is the greatest common factor of 86000 and 16?
16
Calculate the greatest common divisor of 204 and 137292.
204
What is the highest common factor of 1840 and 117484?
92
What is the highest common factor of 2592 and 1332?
36
Calculate the highest common divisor of 32 and 359184.
16
Calculate the highest common divisor of 3724 and 238.
14
What is the highest common factor of 6013 and 189?
7
Calculate the highest common divisor of 50036 and 252.
28
Calculate the highest common factor of 70239 and 78.
39
Calculate the greatest common divisor of 1743 and 14691.
249
Calculate the highest common factor of 31 and 1307611.
31
Calculate the highest common factor of 5 and 295595.
5
What is the greatest common factor of 24